{"id":62,"date":"2026-07-12T06:35:33","date_gmt":"2026-07-12T06:35:33","guid":{"rendered":"https:\/\/dani-lipa.hr\/?page_id=62"},"modified":"2026-07-12T06:53:48","modified_gmt":"2026-07-12T06:53:48","slug":"o-nama","status":"publish","type":"page","link":"https:\/\/dani-lipa.hr\/?page_id=62","title":{"rendered":"O NAMA"},"content":{"rendered":"\n<p class=\"wp-block-paragraph\">Knji\u017eara Dani lipa posluje u dvije poslovnice, u Ivani\u0107-gradu na adresi Kre\u0161imira IV 24, te u \u010cazmi na adresi kralja Tomislava 9A<\/p>\n\n\n\n<p class=\"wp-block-paragraph\"><strong>NAGRADE<\/strong><\/p>\n\n\n\n<p class=\"wp-block-paragraph\">Ministarstvo kulture i medija 2022. dodijelilo je knji\u017eari Dani lipa iz Ivani\u0107 Grada i knji\u017eari Val iz Rijeke <strong>nagradu za najbolje samostalne knji\u017eare na podru\u010dju Hrvatske<\/strong>.<\/p>\n\n\n\n<figure class=\"wp-block-image size-large\"><img loading=\"lazy\" decoding=\"async\" width=\"1024\" height=\"758\" src=\"https:\/\/dani-lipa.hr\/wp-content\/uploads\/2026\/07\/IMG_3923C-1024x758.jpg\" alt=\"\" class=\"wp-image-65\" srcset=\"https:\/\/dani-lipa.hr\/wp-content\/uploads\/2026\/07\/IMG_3923C-1024x758.jpg 1024w, https:\/\/dani-lipa.hr\/wp-content\/uploads\/2026\/07\/IMG_3923C-300x222.jpg 300w, https:\/\/dani-lipa.hr\/wp-content\/uploads\/2026\/07\/IMG_3923C-768x568.jpg 768w, https:\/\/dani-lipa.hr\/wp-content\/uploads\/2026\/07\/IMG_3923C.jpg 1351w\" sizes=\"auto, (max-width: 1024px) 100vw, 1024px\" \/><\/figure>\n\n\n\n<figure class=\"wp-block-image size-large\"><img loading=\"lazy\" decoding=\"async\" width=\"1024\" height=\"675\" src=\"https:\/\/dani-lipa.hr\/wp-content\/uploads\/2026\/07\/IMG_4053A-1024x675.jpg\" alt=\"\" class=\"wp-image-60\" srcset=\"https:\/\/dani-lipa.hr\/wp-content\/uploads\/2026\/07\/IMG_4053A-1024x675.jpg 1024w, https:\/\/dani-lipa.hr\/wp-content\/uploads\/2026\/07\/IMG_4053A-300x198.jpg 300w, https:\/\/dani-lipa.hr\/wp-content\/uploads\/2026\/07\/IMG_4053A-768x506.jpg 768w, https:\/\/dani-lipa.hr\/wp-content\/uploads\/2026\/07\/IMG_4053A.jpg 1500w\" sizes=\"auto, (max-width: 1024px) 100vw, 1024px\" \/><\/figure>\n","protected":false},"excerpt":{"rendered":"<p>Knji\u017eara Dani lipa posluje u dvije poslovnice, u Ivani\u0107-gradu na adresi Kre\u0161imira IV 24, te [&hellip;]<\/p>\n","protected":false},"author":1,"featured_media":0,"parent":0,"menu_order":0,"comment_status":"closed","ping_status":"closed","template":"","meta":{"footnotes":""},"class_list":["post-62","page","type-page","status-publish","hentry"],"_links":{"self":[{"href":"https:\/\/dani-lipa.hr\/index.php?rest_route=\/wp\/v2\/pages\/62","targetHints":{"allow":["GET"]}}],"collection":[{"href":"https:\/\/dani-lipa.hr\/index.php?rest_route=\/wp\/v2\/pages"}],"about":[{"href":"https:\/\/dani-lipa.hr\/index.php?rest_route=\/wp\/v2\/types\/page"}],"author":[{"embeddable":true,"href":"https:\/\/dani-lipa.hr\/index.php?rest_route=\/wp\/v2\/users\/1"}],"replies":[{"embeddable":true,"href":"https:\/\/dani-lipa.hr\/index.php?rest_route=%2Fwp%2Fv2%2Fcomments&post=62"}],"version-history":[{"count":2,"href":"https:\/\/dani-lipa.hr\/index.php?rest_route=\/wp\/v2\/pages\/62\/revisions"}],"predecessor-version":[{"id":66,"href":"https:\/\/dani-lipa.hr\/index.php?rest_route=\/wp\/v2\/pages\/62\/revisions\/66"}],"wp:attachment":[{"href":"https:\/\/dani-lipa.hr\/index.php?rest_route=%2Fwp%2Fv2%2Fmedia&parent=62"}],"curies":[{"name":"wp","href":"https:\/\/api.w.org\/{rel}","templated":true}]}}

<p class="wp-block-paragraph">Knjižara Dani lipa posluje u dvije poslovnice, u Ivanić-gradu na adresi Krešimira IV 24, te u Čazmi na adresi kralja Tomislava 9A</p>



<p class="wp-block-paragraph"><strong>NAGRADE</strong></p>



<p class="wp-block-paragraph">Ministarstvo kulture i medija 2022. dodijelilo je knjižari Dani lipa iz Ivanić Grada i knjižari Val iz Rijeke <strong>nagradu za najbolje samostalne knjižare na području Hrvatske</strong>.</p>



<figure class="wp-block-image size-large"><img loading="lazy" decoding="async" width="1024" height="758" src="https://dani-lipa.hr/wp-content/uploads/2026/07/IMG_3923C-1024x758.jpg" alt="" class="wp-image-65" srcset="https://dani-lipa.hr/wp-content/uploads/2026/07/IMG_3923C-1024x758.jpg 1024w, https://dani-lipa.hr/wp-content/uploads/2026/07/IMG_3923C-300x222.jpg 300w, https://dani-lipa.hr/wp-content/uploads/2026/07/IMG_3923C-768x568.jpg 768w, https://dani-lipa.hr/wp-content/uploads/2026/07/IMG_3923C.jpg 1351w" sizes="auto, (max-width: 1024px) 100vw, 1024px" /></figure>



<figure class="wp-block-image size-large"><img loading="lazy" decoding="async" width="1024" height="675" src="https://dani-lipa.hr/wp-content/uploads/2026/07/IMG_4053A-1024x675.jpg" alt="" class="wp-image-60" srcset="https://dani-lipa.hr/wp-content/uploads/2026/07/IMG_4053A-1024x675.jpg 1024w, https://dani-lipa.hr/wp-content/uploads/2026/07/IMG_4053A-300x198.jpg 300w, https://dani-lipa.hr/wp-content/uploads/2026/07/IMG_4053A-768x506.jpg 768w, https://dani-lipa.hr/wp-content/uploads/2026/07/IMG_4053A.jpg 1500w" sizes="auto, (max-width: 1024px) 100vw, 1024px" /></figure>

<p>Knjižara Dani lipa posluje u dvije poslovnice, u Ivanić-gradu na adresi Krešimira IV 24, te [&hellip;]</p>
